*h + 4, -5 = -4*l - 5*h. Let k(t) = -4*t**2 + l*t**2 - 3*t**3 - 14*t + 8*t + 4*t**3 + 5. What is k(5)?
0
Let k(p) = -p**3 - 10*p**2 - 9*p - 7. Let o be k(-9). Let c(w) = -9*w**2 + 23*w - 7. Let x(s) = -5*s**2 + 12*s - 3. Let y(n) = 6*c(n) - 11*x(n). Give y(o).
-2
Let c(s) = 2 - 8*s**3 + 4*s + 6*s**2 - 2*s + 16*s**3 - 10*s**3 + s**3. Calculate c(6).
14
Let r be (9/6)/((-4)/(-8)). Let t(b) = 5*b - 1. Let a(p) = p. Suppose 0 = -2*v + 5*v + 3. Let m(w) = v*t(w) + 2*a(w). Calculate m(r).
-8
Let j(n) = 2*n - 14. Let u(z) = z - 8. Let s(o) = -3*j(o) + 5*u(o). Give s(-2).
4
Let a(w) be the third derivative of w**4/24 + 18*w**2. Suppose u - 2 = 1. Determine a(u).
3
Let y(j) be the second derivative of 0 + 1/12*j**5 - j**3 + 1/2*j**2 - 1/120*j**6 + 1/12*j**4 - j. Let x(p) be the first derivative of y(p). Determine x(5).
4
Let f(u) = -3*u**2 + 20*u - 1. Let t(h) = -2*h**2 + 17*h - 1. Let y(s) = -3*f(s) + 4*t(s). Determine y(-8).
-1
Let n(b) = -8*b**2 - 5*b + 1. Let s(z) = -16*z**2 - 11*z + 2. Let g(w) = 9*n(w) - 4*s(w). Suppose -7*y = -10*y + 141. Let x = y - 46. Determine g(x).
-8
Let r(u) = 9*u + 3. Let q(f) be the second derivative of 2*f**3/3 + f**2 - 12*f. Let p(j) = -13*q(j) + 6*r(j). Give p(7).
6
Let d(f) = 57*f**2 + 2*f + 18*f**3 - 31*f**2 + 1 - 26*f**2. What is d(-1)?
-19
Let a = 43 - 62. Let o = a + 21. Let d(i) = -i**3 + i**2 + 2*i + 1. What is d(o)?
1
Let p(w) be the third derivative of w**7/2520 + 3*w**5/5 - 37*w**2. Let s(t) be the third derivative of p(t). What is s(3)?
6
Let o(t) = t**3 - 6*t**2 + 5*t + 5. Suppose a + 1 = -2*x, 7*a - 10*a - 4*x = -3. What is o(a)?
5
Let n be -23 - ((-1 - -1) + 0). Let h = n + 17. Let b(i) = -3*i - 4. Let f(d) = 16*d + 19. Let t(c) = -11*b(c) - 2*f(c). Calculate t(h).
0
Let p(r) = -r + 2. Let i(z) = -9*z + 3. Let j(x) = 3*x - 71. Let c be j(22). Let b(y) = c*p(y) + i(y). Determine b(-7).
21
Let g(y) = -y**3 + 6*y**2 - 2*y - 2. Let k(d) = 3*d + 17. Let l be k(-6). Let x(u) = -6*u**3 - 2*u**2 + 1. Let n be x(l). Calculate g(n).
13
Let i(q) be the third derivative of -q**5/60 + 5*q**4/8 + 29*q**3/6 + q**2 + 60*q. Give i(17).
-5
Let x(d) be the first derivative of -7 + d + 1/2*d**2. Calculate x(5).
6
Let m(b) = b**3 + 11*b**2 + 18*b - 5. Let k be m(-9). Let v(d) = -d**2 - 3*d - 5. Determine v(k).
-15
Let v(r) = -r**2 - r + 8. Let s(u) = -u**2 - u. Let p(x) = 2*s(x) - v(x). Let m(t) be the first derivative of p(t). Determine m(4).
-9
Let l = -45 - -43. Let m be l/2*(-3 - 9/(-3)). Let r(v) = v + 7. Give r(m).
7
Let s(v) = 6084*v**3 + 6*v**2 - 3*v + 6*v - 4 - 6083*v**3. Calculate s(-5).
6
Let r(o) = o**3 + 2*o**2 - 3*o + 3. Let t(m) = -3*m**3 - 7*m**2 + 7*m - 6. Let v(q) = 5*r(q) + 2*t(q). Let u be (-16)/(-80) - 42/10. Determine v(u).
7
Let o(s) = -5 + s**3 + 4 + 0*s**2 + 5 - 8*s - 3*s**2. Give o(5).
14
Let k be (-54)/(-243) + (-50)/(-18). Let c(t) = -5*t**2 - 11 + t**k - 6*t**2 + 10*t**2 + t. What is c(0)?
-11
Let d(a) = -a + 7. Let q(t) = t**3 + 3*t**2 - 4*t - 3. Suppose -16*h = -7*h + 27. Let y be q(h). Calculate d(y).
-2
Suppose 0*m - 15 = -5*m. Let y be 146/(-8) + 32/128. Let f be (y/(-12))/(m/(-4)). Let i(l) = 2*l**3 + 3*l**2 + 3*l + 2. Determine i(f).
-8
Let a = 9 + -5. Let m(v) = 3*v + 4*v + a*v + 4*v. What is m(1)?
15
Let u(c) = 32*c. Let g(n) = -49*n. Let k(j) = 5*g(j) + 7*u(j). Let z(l) = l**2 + l - 1. Let o be z(1). What is k(o)?
-21
Let x(o) = -11*o**2 + 19*o - 34. Let t(q) = -3*q**2 + 6*q - 10. Let i(n) = 7*t(n) - 2*x(n). What is i(4)?
30
Let y(z) = 3 + 2 - 7 - 7*z + 3*z + 3. Give y(-2).
9
Suppose -81*o = -55*o + 364. Let j(m) = -m**2 - 14*m - 16. Calculate j(o).
-16
Let x be 399/27 + 12/54. Let q be (12/x - 2)*5. Let v(h) = -h**3 - 8*h**2 - 8*h + 6. What is v(q)?
-18
Let a(i) = i**2 + i - 2. Let k = -21 - -25. Suppose 0 = 6*r + k*r. Calculate a(r).
-2
Let l(u) be the first derivative of u**3/3 - u**2 - u - 1. Let k = -43 + 64. Let p be (-9)/k - (-8)/(-14). Give l(p).
2
Let q = -6 + 0. Let n(x) be the first derivative of x**2/2 + x + 15. Let v(j) = -2*j - 2. Let c(f) = -3*n(f) - v(f). Calculate c(q).
5
Let o(n) = -46 - 2*n - 4*n + 26 + 9*n. Give o(8).
4
Let m(d) be the first derivative of 1/4*d**4 - 4/3*d**3 + 30 - 7*d - 3*d**2. Determine m(5).
-12
Let p = -1324 + 1347. Let y(m) = -3*m + 64. What is y(p)?
-5
Let p(r) = -r**3 - 42 + r + 51 - 19 + 0*r**3 + 9*r**2. Determine p(9).
-1
Suppose 165 = 433*f - 418*f. Let a(w) = w - 16. Give a(f).
-5
Let s(o) = 4*o**2 - 5*o**2 + 3 + 6*o - 7. Let l(j) = -j**2 + 7*j - 4. Let g = 16 + -11. Let a be l(g). Give s(a).
-4
Suppose -5*m + 12 = -i, 2*i - 2 = 27*m - 30*m. Let a(n) = -n**3 - n**2 + 2*n + 4. Calculate a(i).
4
Let k(x) = -4*x + 2. Let h be k(-8). Let s(n) = -34 - 10*n**3 - n + h. Give s(1).
-11
Let i(q) = 2*q - 2*q - 7 - 5*q**3 + 4*q**3 + q + 10*q**2. Let j be i(10). Let p(u) = u**3 - u**2 - 3*u - 4. Give p(j).
5
Let s(m) be the third derivative of m**6/120 + m**5/20 - m**4/3 - 2*m**3/3 + 92*m**2. Give s(-5).
-14
Suppose 4*b = 5*r - 15, -3*r = -r - 4*b - 6. Let o(t) = 2*t**2 - 5*t + 3. Let c be o(r). Let h(w) = w**3 + 3 - w + 2 + 0*w**2 - c + w**2. What is h(-2)?
-3
Let j = 333 + -67. Let h(l) = -9 - j*l + 270*l + 8. What is h(4)?
15
Let h(z) = -z**2 + 12*z + 1. Let o = 1059 - 1051. What is h(o)?
33
Let s(m) = m**3 + 7*m**2 - 2*m + 9. Let h(o) = o**3 + 6*o**2 - 2*o + 7. Let k(u) = 4*h(u) - 3*s(u). What is k(-3)?
7
Suppose -10*i + 15 = -5*i. Let t(k) = 4*k**i - 7*k**3 - 4*k**3. Calculate t(-1).
7
Let i(p) = -5*p + 0*p**3 + 17*p + 14*p**2 + p**3 + 2*p + 12 + 3. Determine i(-13).
2
Let a(c) be the second derivative of -c**3/3 - c**2/2 - 69*c. Determine a(2).
-5
Suppose -5*o + 4*p + 5 + 10 = 0, 39 = 2*o + 5*p. Let b(d) = -3*d**2 - 5*d**2 + 2*d + 1 + o*d**2 + 0*d**2. Determine b(3).
-2
Let l(z) = z**2 - 31*z + 236. Let h be l(13). Let a(d) = -d**3 + 2*d**2 + 5*d - 5. What is a(h)?
5
Let k = -8 + 8. Suppose -4*g + 11 = p, k = -4*p - 3*g - 2*g + 22. Let m be p/3*-5 - -3. Let q(o) = 2*o**2 - 2*o - 2. Give q(m).
10
Let r(v) be the second derivative of v**3/6 + 11*v**2/2 + 69*v. Determine r(-12).
-1
Let p = 55 + -54. Let d(m) = 82*m**3 - 4*m - 164*m**3 + p + 83*m**3 - 3*m**2. Give d(4).
1
Let n(y) be the third derivative of y**6/40 + y**5/30 + y**4/24 - y**3/3 - 2*y**2 + 113. Calculate n(-2).
-20
Let m be (-1)/1*(-2 + 3). Let n be 11 - 0/(-3 + 0). Let i(w) = n*w + 1 - 9*w + 3 - 3. Determine i(m).
-1
Let f be (-2)/7 - 111/(-21). Let u = -29 + 12. Let x(p) = 7*p**2 - 5*p. Let r(g) = 20*g**2 - 15*g - 1. Let w(d) = u*x(d) + 6*r(d). Give w(f).
-6
Let o(v) = -5*v + 4*v - 4*v**3 - 5*v - 4 - v. Let q(w) = 2*w**3 + 4*w + 2. Let h(l) = 3*o(l) + 5*q(l). Give h(2).
-20
Let o(n) = -2 - 412*n**2 + 209*n**2 - 8*n + 202*n**2. Determine o(-6).
10
Suppose 5*j - 42 - 43 = 0. Let a(p) = -p**3 + 16*p**2 + 14*p + 6. Let s be a(j). Let g be 10/4*36/s. Let l(q) = -q**2 - q - 2. Determine l(g).
-4
Suppose 116 + 214 = 10*l. Let r(m) = 6 + 36*m**2 - 2 - l*m**2 - m**3 + 4*m. Calculate r(4).
4
Let s(v) = -2 + 2 - 4*v + 5*v + 9*v**2. What is s(-1)?
8
Let x(f) be the second derivative of f**4/6 + f**3/2 + 13*f**2 + 19*f. Let o(d) be the first derivative of x(d). Determine o(-4).
-13
Let z(d) = d**2 - 9*d - 8. Let r(l) = -2*l + 31. Let v be r(13). Suppose 4*n - v = h + 1, -n = h - 14. Determine z(h).
2
Let w(n) be the third derivative of -n**4/12 + 18*n**2. Suppose -7 = 5*c + o - 25, 0 = -4*c - o + 15. Let r be (8 - c) + (-1 - 1). Determine w(r).
-6
Let t(i) = -2*i**2 - 4*i + 14. Let a be t(-4). Let p(w) = 8*w**2 + 2*w + 2. Give p(a).
30
Let i be (28/35)/(2 - (-96)/(-50)). Suppose 5*b = i - 10. Let g(u) = u + 6. What is g(b)?
6
Let p(t) = -8*t + 5*t**2 + 8*t + 26 - 25 + t**2. Calculate p(-1).
7
Let l = 29 + -25. Let n(b) = 3 - l + b**2 - b**3 + 10*b - 11*b. Give n(2).
-7
Let r(o) = -o**2 - 2*o + 3. Let l(a) = -a**3 - 7*a**2 - 11*a - 21. Let g be l(-6). Let i be (5 + -14)*(-3)/g. Calculate r(i).
-12
Let z(w) = -10*w**2 - 1 + 4*w - 1 - 16 + 11*w**2. Give z(-8).
14
Suppose 0 = 3*w - 70 - 29. Let q be (-4)/18 + w/27. Let a(z) = 2 + 4*z + 438*z**2 - 436*z**2 - q. Give a(-3).
7
Let r(l) = -10*l**2 + 31 - 16*l - 10*l**2 - 9*l**2 - 4*l**2 + 34*l**2. What is r(13)?
-8
Let i(k) = 3*k**2 - k - 1. Let c = 5 + -29. Let q be (414/(-36))/((-2)/4). Let w = c + q. Calculate i(w).
3
Let w(p) = 6 + p + p - 3*p